{"id":2012,"date":"2021-03-14T13:16:59","date_gmt":"2021-03-14T13:16:59","guid":{"rendered":"https:\/\/www.fum.it\/informativa-privacy-azionisti\/"},"modified":"2021-03-24T18:21:44","modified_gmt":"2021-03-24T18:21:44","slug":"informativa-privacy-azionisti","status":"publish","type":"page","link":"https:\/\/www.fum.it\/en\/informativa-privacy-azionisti\/","title":{"rendered":"Informativa privacy azionisti"},"content":{"rendered":"<p><strong>INFORMATIVA AZIONISTI<\/strong><\/p>\n<p><strong>AI SENSI DELL\u2019ART. 13 DEL REGOLAMENTO UE 2016\/679<\/strong><\/p>\n<p>Ai sensi dell&#8217;articolo 13 del Regolamento UE 679\/2016 (di seguito anche \u201cRegolamento\u201d), la Societ\u00e0 FRANCHI UMBERTO MARMI S.P.A., in qualit\u00e0 di Titolare del trattamento dei dati, La informa che i dati personali da Lei forniti saranno trattati in modo pertinente e trasparente e nel rispetto dei principi di liceit\u00e0 e necessit\u00e0, secondo le vigenti disposizioni in materia, in relazione al Suo rapporto di socio della Societ\u00e0.<\/p>\n<p><strong>Titolare del trattamento<\/strong><\/p>\n<p>Il Titolare del trattamento \u00e8 FRANCHI UMBERTO MARMI S.P.A.con sede in Carrara, Via Del Bravo, n. 14-16 (di seguito, anche solo \u201cFRANCHI UMBERTO MARMI\u201d o la \u201cSociet\u00e0\u201d), che pu\u00f2 essere contattato mediante: comunicazione scritta indirizzata a FRANCHI UMBERTO MARMI S.P.A., Via Del Bravo, n. 14-16 Carrara (MS) 54033, per telefono al n. 0585 70057, per e-mail all\u2019indirizzo fragroup@tin.it<\/p>\n<p><strong>Finalit\u00e0 del Trattamento<\/strong><\/p>\n<p>La informiamo che il trattamento dei dati personali avverr\u00e0 per finalit\u00e0 istituzionali, connesse o strumentali all&#8217;attivit\u00e0 svolta dal Titolare del trattamento, e quindi per:<\/p>\n<p>dare esecuzione al rapporto societario (tenuta libro soci, invio di comunicazioni e documentazione societaria per le Assemblee dei soci, pagamento degli utili distribuiti, ecc.);<br \/>\nadempiere ad obblighi di legge di natura contabile e amministrativa;<br \/>\nadempiere a tutti gli obblighi di legge posti a carico del Titolare del trattamento.<br \/>\nBase giuridica del trattamento<\/p>\n<p>La base giuridica del trattamento dei dati \u00e8 rappresentata dallo specifico rapporto societario in essere e connesso all\u2019esercizio dei diritti dei soci individuati nel Codice Civile e dall\u2019adempimento agli obblighi di legge ad esso connessi. Il trattamento dei dati da lei forniti \u00e8 necessario all\u2019esecuzione del rapporto contrattuale citato del quale lei \u00e8 parte. L\u2019eventuale mancato consenso al trattamento comporta l\u2019impossibilit\u00e0 di procedere alla esecuzione del contratto stesso.<\/p>\n<p><strong>Modalit\u00e0 del trattamento dei dati<\/strong><\/p>\n<p>Il trattamento dei dati per le finalit\u00e0 esposte ha luogo, da parte di personale individuato per iscritto tra coloro ai quali sono state fornite specifiche istruzioni operative. Il trattamento dei dati personali avverr\u00e0 mediante strumenti cartacei, informatici o telematici e previa adozione di misure di sicurezza adeguate a garantire la sicurezza e la riservatezza dei suoi dati personali.<\/p>\n<p><strong>Periodo di conservazione dei dati personali<\/strong><\/p>\n<p>Nel rispetto dei principi di proporzionalit\u00e0 e necessit\u00e0, i dati non saranno conservati per periodi pi\u00f9 lunghi rispetto a quelli indispensabili al raggiungimento delle finalit\u00e0 sopra indicate e, dunque, per il tempo necessario all\u2019esecuzione del contratto, comunque nei limiti di quanto stabilito dalle norme di legge in materia.<\/p>\n<p><strong>Destinatari dei dati personali<\/strong><\/p>\n<p>I dati raccolti saranno trattati esclusivamente nell\u2019ambito delle finalit\u00e0 sopra menzionate.<\/p>\n<p>Il trattamento dei dati personali forniti potr\u00e0 essere effettuato da soggetti (persone fisiche e\/o giuridiche) nominati responsabili di trattamento ex art. 28 del Regolamento UE citato, che, per conto del Titolare del trattamento, svolgano attivit\u00e0 connesse, strumentali o di supporto a quella del Titolare del trattamento.<\/p>\n<p>L\u2019elenco aggiornato dei responsabili e delle persone autorizzate al trattamento \u00e8 consultabile presso la sede del Titolare del trattamento.<\/p>\n<p>I dati personali potranno essere inoltre comunicati:<\/p>\n<p>a societ\u00e0 partecipate o collegate;<br \/>\na soggetti ai quali la facolt\u00e0 di accedere ai Vostri dati personali sia riconosciuta da disposizioni di legge, da regolamenti o dalla normativa comunitaria;<br \/>\na soggetti nei confronti dei quali la comunicazione sia prevista da norme di legge o di regolamento, in materia fiscale, amministrativa e finanziaria, ovvero da soggetti pubblici per lo svolgimento delle loro funzioni istituzionali.<br \/>\nI dati personali forniti dagli utenti potranno essere trasferiti anche ad autonomi Titolari, contitolari e responsabili esterni del trattamento in ottemperanza alle norme stabilite dal Regolamento UE n. 679\/2016 e dalle altre norme vigenti applicabili.<\/p>\n<p><strong>Diritti dell\u2019interessato (art. 15 e ss. del Regolamento)<\/strong><\/p>\n<p>Lei ha il diritto di chiedere al Titolare del trattamento l&#8217;accesso ai propri dati, la rettifica, la cancellazione degli stessi e la limitazione del trattamento che lo riguarda. L\u2019interessato pu\u00f2 opporsi al trattamento dei propri dati ed esercitare il diritto alla portabilit\u00e0 degli stessi nonch\u00e9 proporre reclamo all\u2019Autorit\u00e0 Garante per la protezione dei dati personali ai sensi dell\u2019art. 77 del Regolamento UE 679\/2016.<\/p>\n","protected":false},"excerpt":{"rendered":"<p>INFORMATIVA AZIONISTI AI SENSI DELL\u2019ART. 13 DEL REGOLAMENTO UE 2016\/679 Ai sensi dell&#8217;articolo 13 del Regolamento UE 679\/2016 (di seguito anche \u201cRegolamento\u201d), la Societ\u00e0 FRANCHI UMBERTO MARMI S.P.A., in qualit\u00e0 di Titolare del trattamento dei dati, La informa che i dati personali da Lei forniti saranno trattati in modo pertinente e trasparente e nel rispetto [&hellip;]<\/p>\n","protected":false},"author":1,"featured_media":0,"parent":0,"menu_order":19,"comment_status":"closed","ping_status":"closed","template":"","meta":{"_acf_changed":false,"footnotes":""},"class_list":["post-2012","page","type-page","status-publish","hentry"],"acf":[],"yoast_head":"<!-- This site is optimized with the Yoast SEO plugin v27.5 - https:\/\/yoast.com\/product\/yoast-seo-wordpress\/ -->\n<title>Informativa privacy azionisti - Franchi Umberto Marmi<\/title>\n<meta name=\"robots\" content=\"index, follow, max-snippet:-1, max-image-preview:large, max-video-preview:-1\" \/>\n<link rel=\"canonical\" href=\"https:\/\/www.fum.it\/en\/informativa-privacy-azionisti\/\" \/>\n<meta property=\"og:locale\" content=\"en_US\" \/>\n<meta property=\"og:type\" content=\"article\" \/>\n<meta property=\"og:title\" content=\"Informativa privacy azionisti - Franchi Umberto Marmi\" \/>\n<meta property=\"og:description\" content=\"INFORMATIVA AZIONISTI AI SENSI DELL\u2019ART. 13 DEL REGOLAMENTO UE 2016\/679 Ai sensi dell&#8217;articolo 13 del Regolamento UE 679\/2016 (di seguito anche \u201cRegolamento\u201d), la Societ\u00e0 FRANCHI UMBERTO MARMI S.P.A., in qualit\u00e0 di Titolare del trattamento dei dati, La informa che i dati personali da Lei forniti saranno trattati in modo pertinente e trasparente e nel rispetto [&hellip;]\" \/>\n<meta property=\"og:url\" content=\"https:\/\/www.fum.it\/en\/informativa-privacy-azionisti\/\" \/>\n<meta property=\"og:site_name\" content=\"Franchi Umberto Marmi\" \/>\n<meta property=\"article:modified_time\" content=\"2021-03-24T18:21:44+00:00\" \/>\n<meta name=\"twitter:card\" content=\"summary_large_image\" \/>\n<meta name=\"twitter:label1\" content=\"Est. reading time\" \/>\n\t<meta name=\"twitter:data1\" content=\"3 minutes\" \/>\n<script type=\"application\/ld+json\" class=\"yoast-schema-graph\">{\"@context\":\"https:\\\/\\\/schema.org\",\"@graph\":[{\"@type\":\"WebPage\",\"@id\":\"https:\\\/\\\/www.fum.it\\\/en\\\/informativa-privacy-azionisti\\\/\",\"url\":\"https:\\\/\\\/www.fum.it\\\/en\\\/informativa-privacy-azionisti\\\/\",\"name\":\"Informativa privacy azionisti - Franchi Umberto Marmi\",\"isPartOf\":{\"@id\":\"https:\\\/\\\/www.fum.it\\\/en\\\/#website\"},\"datePublished\":\"2021-03-14T13:16:59+00:00\",\"dateModified\":\"2021-03-24T18:21:44+00:00\",\"breadcrumb\":{\"@id\":\"https:\\\/\\\/www.fum.it\\\/en\\\/informativa-privacy-azionisti\\\/#breadcrumb\"},\"inLanguage\":\"en-US\",\"potentialAction\":[{\"@type\":\"ReadAction\",\"target\":[\"https:\\\/\\\/www.fum.it\\\/en\\\/informativa-privacy-azionisti\\\/\"]}]},{\"@type\":\"BreadcrumbList\",\"@id\":\"https:\\\/\\\/www.fum.it\\\/en\\\/informativa-privacy-azionisti\\\/#breadcrumb\",\"itemListElement\":[{\"@type\":\"ListItem\",\"position\":1,\"name\":\"Home\",\"item\":\"https:\\\/\\\/www.fum.it\\\/en\\\/\"},{\"@type\":\"ListItem\",\"position\":2,\"name\":\"Informativa privacy azionisti\"}]},{\"@type\":\"WebSite\",\"@id\":\"https:\\\/\\\/www.fum.it\\\/en\\\/#website\",\"url\":\"https:\\\/\\\/www.fum.it\\\/en\\\/\",\"name\":\"Franchi Umberto Marmi\",\"description\":\"\",\"publisher\":{\"@id\":\"https:\\\/\\\/www.fum.it\\\/en\\\/#organization\"},\"potentialAction\":[{\"@type\":\"SearchAction\",\"target\":{\"@type\":\"EntryPoint\",\"urlTemplate\":\"https:\\\/\\\/www.fum.it\\\/en\\\/?s={search_term_string}\"},\"query-input\":{\"@type\":\"PropertyValueSpecification\",\"valueRequired\":true,\"valueName\":\"search_term_string\"}}],\"inLanguage\":\"en-US\"},{\"@type\":\"Organization\",\"@id\":\"https:\\\/\\\/www.fum.it\\\/en\\\/#organization\",\"name\":\"Franchi Umberto Marmi\",\"url\":\"https:\\\/\\\/www.fum.it\\\/en\\\/\",\"logo\":{\"@type\":\"ImageObject\",\"inLanguage\":\"en-US\",\"@id\":\"https:\\\/\\\/www.fum.it\\\/en\\\/#\\\/schema\\\/logo\\\/image\\\/\",\"url\":\"https:\\\/\\\/www.fum.it\\\/wp-content\\\/uploads\\\/2021\\\/03\\\/FRANCHI-UMBERTO-MARMI_logo-orizzontale-nero.png\",\"contentUrl\":\"https:\\\/\\\/www.fum.it\\\/wp-content\\\/uploads\\\/2021\\\/03\\\/FRANCHI-UMBERTO-MARMI_logo-orizzontale-nero.png\",\"width\":2107,\"height\":247,\"caption\":\"Franchi Umberto Marmi\"},\"image\":{\"@id\":\"https:\\\/\\\/www.fum.it\\\/en\\\/#\\\/schema\\\/logo\\\/image\\\/\"}}]}<\/script>\n<!-- \/ Yoast SEO plugin. -->","yoast_head_json":{"title":"Informativa privacy azionisti - Franchi Umberto Marmi","robots":{"index":"index","follow":"follow","max-snippet":"max-snippet:-1","max-image-preview":"max-image-preview:large","max-video-preview":"max-video-preview:-1"},"canonical":"https:\/\/www.fum.it\/en\/informativa-privacy-azionisti\/","og_locale":"en_US","og_type":"article","og_title":"Informativa privacy azionisti - Franchi Umberto Marmi","og_description":"INFORMATIVA AZIONISTI AI SENSI DELL\u2019ART. 13 DEL REGOLAMENTO UE 2016\/679 Ai sensi dell&#8217;articolo 13 del Regolamento UE 679\/2016 (di seguito anche \u201cRegolamento\u201d), la Societ\u00e0 FRANCHI UMBERTO MARMI S.P.A., in qualit\u00e0 di Titolare del trattamento dei dati, La informa che i dati personali da Lei forniti saranno trattati in modo pertinente e trasparente e nel rispetto [&hellip;]","og_url":"https:\/\/www.fum.it\/en\/informativa-privacy-azionisti\/","og_site_name":"Franchi Umberto Marmi","article_modified_time":"2021-03-24T18:21:44+00:00","twitter_card":"summary_large_image","twitter_misc":{"Est. reading time":"3 minutes"},"schema":{"@context":"https:\/\/schema.org","@graph":[{"@type":"WebPage","@id":"https:\/\/www.fum.it\/en\/informativa-privacy-azionisti\/","url":"https:\/\/www.fum.it\/en\/informativa-privacy-azionisti\/","name":"Informativa privacy azionisti - Franchi Umberto Marmi","isPartOf":{"@id":"https:\/\/www.fum.it\/en\/#website"},"datePublished":"2021-03-14T13:16:59+00:00","dateModified":"2021-03-24T18:21:44+00:00","breadcrumb":{"@id":"https:\/\/www.fum.it\/en\/informativa-privacy-azionisti\/#breadcrumb"},"inLanguage":"en-US","potentialAction":[{"@type":"ReadAction","target":["https:\/\/www.fum.it\/en\/informativa-privacy-azionisti\/"]}]},{"@type":"BreadcrumbList","@id":"https:\/\/www.fum.it\/en\/informativa-privacy-azionisti\/#breadcrumb","itemListElement":[{"@type":"ListItem","position":1,"name":"Home","item":"https:\/\/www.fum.it\/en\/"},{"@type":"ListItem","position":2,"name":"Informativa privacy azionisti"}]},{"@type":"WebSite","@id":"https:\/\/www.fum.it\/en\/#website","url":"https:\/\/www.fum.it\/en\/","name":"Franchi Umberto Marmi","description":"","publisher":{"@id":"https:\/\/www.fum.it\/en\/#organization"},"potentialAction":[{"@type":"SearchAction","target":{"@type":"EntryPoint","urlTemplate":"https:\/\/www.fum.it\/en\/?s={search_term_string}"},"query-input":{"@type":"PropertyValueSpecification","valueRequired":true,"valueName":"search_term_string"}}],"inLanguage":"en-US"},{"@type":"Organization","@id":"https:\/\/www.fum.it\/en\/#organization","name":"Franchi Umberto Marmi","url":"https:\/\/www.fum.it\/en\/","logo":{"@type":"ImageObject","inLanguage":"en-US","@id":"https:\/\/www.fum.it\/en\/#\/schema\/logo\/image\/","url":"https:\/\/www.fum.it\/wp-content\/uploads\/2021\/03\/FRANCHI-UMBERTO-MARMI_logo-orizzontale-nero.png","contentUrl":"https:\/\/www.fum.it\/wp-content\/uploads\/2021\/03\/FRANCHI-UMBERTO-MARMI_logo-orizzontale-nero.png","width":2107,"height":247,"caption":"Franchi Umberto Marmi"},"image":{"@id":"https:\/\/www.fum.it\/en\/#\/schema\/logo\/image\/"}}]}},"_links":{"self":[{"href":"https:\/\/www.fum.it\/en\/wp-json\/wp\/v2\/pages\/2012","targetHints":{"allow":["GET"]}}],"collection":[{"href":"https:\/\/www.fum.it\/en\/wp-json\/wp\/v2\/pages"}],"about":[{"href":"https:\/\/www.fum.it\/en\/wp-json\/wp\/v2\/types\/page"}],"author":[{"embeddable":true,"href":"https:\/\/www.fum.it\/en\/wp-json\/wp\/v2\/users\/1"}],"replies":[{"embeddable":true,"href":"https:\/\/www.fum.it\/en\/wp-json\/wp\/v2\/comments?post=2012"}],"version-history":[{"count":1,"href":"https:\/\/www.fum.it\/en\/wp-json\/wp\/v2\/pages\/2012\/revisions"}],"predecessor-version":[{"id":8788,"href":"https:\/\/www.fum.it\/en\/wp-json\/wp\/v2\/pages\/2012\/revisions\/8788"}],"wp:attachment":[{"href":"https:\/\/www.fum.it\/en\/wp-json\/wp\/v2\/media?parent=2012"}],"curies":[{"name":"wp","href":"https:\/\/api.w.org\/{rel}","templated":true}]}}

<p><strong>INFORMATIVA AZIONISTI</strong></p>
<p><strong>AI SENSI DELL’ART. 13 DEL REGOLAMENTO UE 2016/679</strong></p>
<p>Ai sensi dell&#8217;articolo 13 del Regolamento UE 679/2016 (di seguito anche “Regolamento”), la Società FRANCHI UMBERTO MARMI S.P.A., in qualità di Titolare del trattamento dei dati, La informa che i dati personali da Lei forniti saranno trattati in modo pertinente e trasparente e nel rispetto dei principi di liceità e necessità, secondo le vigenti disposizioni in materia, in relazione al Suo rapporto di socio della Società.</p>
<p><strong>Titolare del trattamento</strong></p>
<p>Il Titolare del trattamento è FRANCHI UMBERTO MARMI S.P.A.con sede in Carrara, Via Del Bravo, n. 14-16 (di seguito, anche solo “FRANCHI UMBERTO MARMI” o la “Società”), che può essere contattato mediante: comunicazione scritta indirizzata a FRANCHI UMBERTO MARMI S.P.A., Via Del Bravo, n. 14-16 Carrara (MS) 54033, per telefono al n. 0585 70057, per e-mail all’indirizzo fragroup@tin.it</p>
<p><strong>Finalità del Trattamento</strong></p>
<p>La informiamo che il trattamento dei dati personali avverrà per finalità istituzionali, connesse o strumentali all&#8217;attività svolta dal Titolare del trattamento, e quindi per:</p>
<p>dare esecuzione al rapporto societario (tenuta libro soci, invio di comunicazioni e documentazione societaria per le Assemblee dei soci, pagamento degli utili distribuiti, ecc.);<br />
adempiere ad obblighi di legge di natura contabile e amministrativa;<br />
adempiere a tutti gli obblighi di legge posti a carico del Titolare del trattamento.<br />
Base giuridica del trattamento</p>
<p>La base giuridica del trattamento dei dati è rappresentata dallo specifico rapporto societario in essere e connesso all’esercizio dei diritti dei soci individuati nel Codice Civile e dall’adempimento agli obblighi di legge ad esso connessi. Il trattamento dei dati da lei forniti è necessario all’esecuzione del rapporto contrattuale citato del quale lei è parte. L’eventuale mancato consenso al trattamento comporta l’impossibilità di procedere alla esecuzione del contratto stesso.</p>
<p><strong>Modalità del trattamento dei dati</strong></p>
<p>Il trattamento dei dati per le finalità esposte ha luogo, da parte di personale individuato per iscritto tra coloro ai quali sono state fornite specifiche istruzioni operative. Il trattamento dei dati personali avverrà mediante strumenti cartacei, informatici o telematici e previa adozione di misure di sicurezza adeguate a garantire la sicurezza e la riservatezza dei suoi dati personali.</p>
<p><strong>Periodo di conservazione dei dati personali</strong></p>
<p>Nel rispetto dei principi di proporzionalità e necessità, i dati non saranno conservati per periodi più lunghi rispetto a quelli indispensabili al raggiungimento delle finalità sopra indicate e, dunque, per il tempo necessario all’esecuzione del contratto, comunque nei limiti di quanto stabilito dalle norme di legge in materia.</p>
<p><strong>Destinatari dei dati personali</strong></p>
<p>I dati raccolti saranno trattati esclusivamente nell’ambito delle finalità sopra menzionate.</p>
<p>Il trattamento dei dati personali forniti potrà essere effettuato da soggetti (persone fisiche e/o giuridiche) nominati responsabili di trattamento ex art. 28 del Regolamento UE citato, che, per conto del Titolare del trattamento, svolgano attività connesse, strumentali o di supporto a quella del Titolare del trattamento.</p>
<p>L’elenco aggiornato dei responsabili e delle persone autorizzate al trattamento è consultabile presso la sede del Titolare del trattamento.</p>
<p>I dati personali potranno essere inoltre comunicati:</p>
<p>a società partecipate o collegate;<br />
a soggetti ai quali la facoltà di accedere ai Vostri dati personali sia riconosciuta da disposizioni di legge, da regolamenti o dalla normativa comunitaria;<br />
a soggetti nei confronti dei quali la comunicazione sia prevista da norme di legge o di regolamento, in materia fiscale, amministrativa e finanziaria, ovvero da soggetti pubblici per lo svolgimento delle loro funzioni istituzionali.<br />
I dati personali forniti dagli utenti potranno essere trasferiti anche ad autonomi Titolari, contitolari e responsabili esterni del trattamento in ottemperanza alle norme stabilite dal Regolamento UE n. 679/2016 e dalle altre norme vigenti applicabili.</p>
<p><strong>Diritti dell’interessato (art. 15 e ss. del Regolamento)</strong></p>
<p>Lei ha il diritto di chiedere al Titolare del trattamento l&#8217;accesso ai propri dati, la rettifica, la cancellazione degli stessi e la limitazione del trattamento che lo riguarda. L’interessato può opporsi al trattamento dei propri dati ed esercitare il diritto alla portabilità degli stessi nonché proporre reclamo all’Autorità Garante per la protezione dei dati personali ai sensi dell’art. 77 del Regolamento UE 679/2016.</p>

<p>INFORMATIVA AZIONISTI AI SENSI DELL’ART. 13 DEL REGOLAMENTO UE 2016/679 Ai sensi dell&#8217;articolo 13 del Regolamento UE 679/2016 (di seguito anche “Regolamento”), la Società FRANCHI UMBERTO MARMI S.P.A., in qualità di Titolare del trattamento dei dati, La informa che i dati personali da Lei forniti saranno trattati in modo pertinente e trasparente e nel rispetto [&hellip;]</p>

<!-- This site is optimized with the Yoast SEO plugin v27.5 - https://yoast.com/product/yoast-seo-wordpress/ -->
<title>Informativa privacy azionisti - Franchi Umberto Marmi</title>
<meta name="robots" content="index, follow, max-snippet:-1, max-image-preview:large, max-video-preview:-1" />
<link rel="canonical" href="https://www.fum.it/en/informativa-privacy-azionisti/" />
<meta property="og:locale" content="en_US" />
<meta property="og:type" content="article" />
<meta property="og:title" content="Informativa privacy azionisti - Franchi Umberto Marmi" />
<meta property="og:description" content="INFORMATIVA AZIONISTI AI SENSI DELL’ART. 13 DEL REGOLAMENTO UE 2016/679 Ai sensi dell&#8217;articolo 13 del Regolamento UE 679/2016 (di seguito anche “Regolamento”), la Società FRANCHI UMBERTO MARMI S.P.A., in qualità di Titolare del trattamento dei dati, La informa che i dati personali da Lei forniti saranno trattati in modo pertinente e trasparente e nel rispetto [&hellip;]" />
<meta property="og:url" content="https://www.fum.it/en/informativa-privacy-azionisti/" />
<meta property="og:site_name" content="Franchi Umberto Marmi" />
<meta property="article:modified_time" content="2021-03-24T18:21:44+00:00" />
<meta name="twitter:card" content="summary_large_image" />
<meta name="twitter:label1" content="Est. reading time" />
	<meta name="twitter:data1" content="3 minutes" />
<script type="application/ld+json" class="yoast-schema-graph">{"@context":"https:\/\/schema.org","@graph":[{"@type":"WebPage","@id":"https:\/\/www.fum.it\/en\/informativa-privacy-azionisti\/","url":"https:\/\/www.fum.it\/en\/informativa-privacy-azionisti\/","name":"Informativa privacy azionisti - Franchi Umberto Marmi","isPartOf":{"@id":"https:\/\/www.fum.it\/en\/#website"},"datePublished":"2021-03-14T13:16:59+00:00","dateModified":"2021-03-24T18:21:44+00:00","breadcrumb":{"@id":"https:\/\/www.fum.it\/en\/informativa-privacy-azionisti\/#breadcrumb"},"inLanguage":"en-US","potentialAction":[{"@type":"ReadAction","target":["https:\/\/www.fum.it\/en\/informativa-privacy-azionisti\/"]}]},{"@type":"BreadcrumbList","@id":"https:\/\/www.fum.it\/en\/informativa-privacy-azionisti\/#breadcrumb","itemListElement":[{"@type":"ListItem","position":1,"name":"Home","item":"https:\/\/www.fum.it\/en\/"},{"@type":"ListItem","position":2,"name":"Informativa privacy azionisti"}]},{"@type":"WebSite","@id":"https:\/\/www.fum.it\/en\/#website","url":"https:\/\/www.fum.it\/en\/","name":"Franchi Umberto Marmi","description":"","publisher":{"@id":"https:\/\/www.fum.it\/en\/#organization"},"potentialAction":[{"@type":"SearchAction","target":{"@type":"EntryPoint","urlTemplate":"https:\/\/www.fum.it\/en\/?s={search_term_string}"},"query-input":{"@type":"PropertyValueSpecification","valueRequired":true,"valueName":"search_term_string"}}],"inLanguage":"en-US"},{"@type":"Organization","@id":"https:\/\/www.fum.it\/en\/#organization","name":"Franchi Umberto Marmi","url":"https:\/\/www.fum.it\/en\/","logo":{"@type":"ImageObject","inLanguage":"en-US","@id":"https:\/\/www.fum.it\/en\/#\/schema\/logo\/image\/","url":"https:\/\/www.fum.it\/wp-content\/uploads\/2021\/03\/FRANCHI-UMBERTO-MARMI_logo-orizzontale-nero.png","contentUrl":"https:\/\/www.fum.it\/wp-content\/uploads\/2021\/03\/FRANCHI-UMBERTO-MARMI_logo-orizzontale-nero.png","width":2107,"height":247,"caption":"Franchi Umberto Marmi"},"image":{"@id":"https:\/\/www.fum.it\/en\/#\/schema\/logo\/image\/"}}]}</script>
<!-- / Yoast SEO plugin. -->

INFORMATIVA AZIONISTI AI SENSI DELL’ART. 13 DEL REGOLAMENTO UE 2016/679 Ai sensi dell&#8217;articolo 13 del Regolamento UE 679/2016 (di seguito anche “Regolamento”), la Società FRANCHI UMBERTO MARMI S.P.A., in qualità di Titolare del trattamento dei dati, La informa che i dati personali da Lei forniti saranno trattati in modo pertinente e trasparente e nel rispetto [&hellip;]
